 is divided by k?
18
Let m(k) = k**2 + 6*k. Let b be m(-6). Suppose r + 3*g - 12 - 8 = 0, -2*r - 5*g = -36. Let q = b + r. Calculate the remainder when 22 is divided by q.
6
What is the remainder when (-8)/32 - 202/(-8) is divided by 9?
7
Let w(l) = l**2 + 2*l - 4. Let i be w(-3). Let x(k) = 10*k**2 + k. Let g be x(i). Let f = -6 + g. What is the remainder when 8 is divided by f?
2
Let u(g) = g**2 - 4*g + 9. Let m = 47 + -28. Calculate the remainder when u(9) is divided by m.
16
Suppose 5*d = -5*r + 115, -r - 5*d + 10*d + 23 = 0. Calculate the remainder when (2/(-3))/(4/(-402)) is divided by r.
21
Let p(q) = -4 + 3 + 4 + 5*q + 0*q. Calculate the remainder when p(6) is divided by 12.
9
Suppose 0 = 3*o - 4*c + 31, -4*o + 2*c = c + 24. Let x = -7 - o. Let m(y) = 8*y**2 + 4*y + 2. Calculate the remainder when m(x) is divided by 14.
12
Suppose -g = 2*o - 13, 10 = 6*o - o - 5*g. Let r(k) = 5*k - 5. Suppose -2*p - 21 = -5*p. What is the remainder when r(o) is divided by p?
6
Suppose -6*i = -9*i + 114. What is the remainder when i is divided by 10?
8
Let b = -8 - -19. Let u be (2 + 0)/(2/3). Suppose 0 = -u*p - j + 141 - 19, j = -4. What is the remainder when p is divided by b?
9
Let l = 21 + 7. Calculate the remainder when l is divided by 10.
8
Let v(g) = g**2 - 6*g + 1. Suppose -2*k - 13 = 4*q + k, 7 = 2*q - 3*k. Calculate the remainder when v(7) is divided by (-3)/q + (3 - 1).
3
Let a be (-2)/(-8)*2*6. Suppose -7*p = -a*p - 44. Suppose 4 = -k + p. What is the remainder when k is divided by 4?
3
Suppose -9*h = -3*h - 18. Calculate the remainder when 4 is divided by h.
1
Let g = 26 + -7. What is the remainder when 130 is divided by g?
16
Suppose 3*p - 15 = -3*y, 0 + 6 = 3*y. Suppose -23 - 34 = -5*h + 4*x, 4*x - 15 = -p*h. What is the remainder when 25 is divided by h?
7
Suppose -3*x - 35 = -3*a + 28, 3*x - 70 = -4*a. What is the remainder when a is divided by 10?
9
Suppose 64 = -n + 3*n. Let l = n - 23. Calculate the remainder when 26 is divided by l.
8
Let j(m) = m + 2. Let y be 5*1/(10/12). What is the remainder when 22 is divided by j(y)?
6
Suppose 29 = 3*u - 55. Calculate the remainder when u is divided by 3/(63/15 - 4).
13
Let v(p) = p**3 + p**2 - p - 7. Let d be v(0). Let b = d + 12. Calculate the remainder when 14 is divided by b.
4
Let n(a) = -12 + 3 + 3*a**3 + 0*a**3 - 4*a - 6*a**2 - 2*a**3. Calculate the remainder when 34 is divided by n(7).
10
Let k(y) = -5*y - 11. Calculate the remainder when 67 is divided by k(-5).
11
Let r = -33 + 50. Let o(x) = -x**3 + 10*x**2 - 13*x + 9. What is the remainder when o(8) is divided by r?
16
Suppose -227 = -4*i - 27. What is the remainder when i is divided by 13?
11
Suppose -4*r = -2*c - 22, -3*r - 3*c + c + 6 = 0. Suppose 5*k - 23 = 2*v, 0*v + r*v + 7 = -3*k. Let i = 9 + v. Calculate the remainder when i is divided by 2.
1
Let a = 19 - 6. Calculate the remainder when 62 is divided by a.
10
Suppose 0 = -3*j - 3*u - u + 109, -3*u = 4*j - 143. Calculate the remainder when j is divided by 12.
11
Suppose -p + 66 = p. Let u(q) = q**3 - 12*q**2 + 21*q + 2. What is the remainder when p is divided by u(10)?
9
Let w(q) = q + 9. What is the remainder when 50 is divided by w(8)?
16
Let k(a) = -a**3 - 7*a**2 - 6*a + 7. What is the remainder when 12 is divided by k(-6)?
5
Let k(r) = r**3 - 8*r**2 - 15*r + 1. What is the remainder when k(10) is divided by 27?
24
What is the remainder when (-2 + 10)/(-4)*-31 is divided by 32?
30
Suppose -6 - 24 = -3*l - 3*d, 0 = -2*l + 2*d + 40. Calculate the remainder when 27 is divided by l.
12
Let r = 51 - 24. Calculate the remainder when r is divided by 14.
13
Let k = -1 - -3. What is the remainder when 5 is divided by (-3)/(-2) - (-1)/k?
1
Let b = -70 + 83. Calculate the remainder when 38 is divided by b.
12
Let q = 56 - 29. Calculate the remainder when q is divided by ((-5)/4)/((-8)/96).
12
Suppose -3*n = 4*y - 31, 3*n = -0*y + 2*y - 11. Let h(b) = b + 5. Let d be h(-4). Let q = d - -3. What is the remainder when y is divided by q?
3
Let o(l) = 2*l**2 + 2. What is the remainder when o(3) is divided by 8?
4
Let i = -92 + 155. Calculate the remainder when i is divided by 33.
30
Let z(h) = -h**3 - h**2 - 3*h + 2. Suppose 0*w - r = -3*w + 32, 42 = 5*w + 4*r. Calculate the remainder when z(-3) is divided by w.
9
Calculate the remainder when (-55)/22*2*-1 is divided by 4.
1
Let l be (-1)/3 + 555/(-9). Let j be l/(-4) + (-4)/8. Let t = j + -8. What is the remainder when 13 is divided by t?
6
Let k(s) = -7*s - 1. Suppose 3*r + 0*r + 36 = 0. What is the remainder when k(-3) is divided by (-70)/(-6) + 8/r?
9
Suppose -2*c + 6*v = 8*v - 20, -c + 4*v = 5. Let u(m) = -m**2 - 3*m. Let o be u(-3). Suppose -2*w + o*w + 26 = 0. What is the remainder when w is divided by c?
6
Calculate the remainder when 28 is divided by 128/12 + (-1)/(-3).
6
Suppose 3*k + b + 20 = 6, -4*b + 14 = -2*k. Let p = 9 + k. Suppose 4*m - j - 20 = -5*j, 0 = -p*j + 4. What is the remainder when 11 is divided by m?
3
Let i(d) = d**3 + d + 46. Calculate the remainder when i(0) is divided by 16.
14
Suppose 1 - 3 = -z. What is the remainder when 23 is divided by (2 - (-8)/z) + 2?
7
Let y = -47 + 52. Calculate the remainder when (-1)/(1 - 10/9) is divided by y.
4
Suppose u + 0*u = 82. Suppose -77 = -16*a + 195. Calculate the remainder when u is divided by a.
14
Let x = 91 - 65. What is the remainder when x is divided by 3?
2
Suppose 80 + 32 = 4*x. Suppose -2*t + x - 8 = 0. What is the remainder when 38 is divided by t?
8
Let o(k) = k**2 - k - 7. Calculate the remainder when 9 is divided by o(4).
4
Let h(f) = 6*f - 4. Let n be h(6). Suppose 0 = -2*i + s + n, -5*i + 86 = s + 20. Suppose -3*p + 193 = 31. What is the remainder when p is divided by i?
12
What is the remainder when -4*2/(-4 - 0) is divided by 2?
0
What is the remainder when ((-4)/(-6))/(50/975) is divided by 4?
1
Suppose -3*f + 0*o + 3*o = -21, -15 = 5*o. Suppose 0 = -m + f*m. Suppose m = -2*u - 0*u + 18. What is the remainder when 17 is divided by u?
8
Suppose 3*b - 57 = -6. Suppose 6*f - 10 = 5*f. What is the remainder when b is divided by f?
7
What is the remainder when (2 - 16)*816/(-168) is divided by 9?
5
Suppose -3*s + 5*s - f - 46 = 0, -5*s = -3*f - 116. Let d = s + -15. What is the remainder when 1/4 - (-376)/32 is divided by d?
5
Suppose -4*v + 10 = o, -2*o = -5*v - 0 - 20. What is the remainder when 28 is divided by o?
8
Suppose 3*o - l + 8 = 3*l, o + 5*l = 10. Suppose 5*i - 8 - 7 = o. Suppose -15 = -i*h - 2*h. Calculate the remainder when h is divided by 2.
1
Let p(o) = 1 + o**2 - 3 + 1 + 2*o. Calculate the remainder when ((-4)/2)/((-4)/6) is divided by p(1).
1
Let v = 17 + -14. Calculate the remainder when 6 is divided by v.
0
What is the remainder when 53 is divided by (-3)/(-15) - (-278)/10?
25
Suppose 5 = -2*m + 29. Calculate the remainder when 23 is divided by m.
11
Suppose 45 = 5*s + 3*h, -4*s + 3*h - 3 = -2*s. Suppose -2*z - 3 = -4*x + 29, 5*x + z = 33. What is the remainder when x is divided by s?
1
Let a = 11 - -12. What is the remainder when 43 is divided by a?
20
What is the remainder when 1*(7 - 6/3) is divided by 4?
1
Let c = 23 - 14. Let y(k) = -k**2 + 10*k. Let i(l) = 2*l**3 + l - 2. What is the remainder when i(2) is divided by y(c)?
7
Let g be ((-39)/(-21) + -1)*7. Suppose 2*b - 30 = g. Suppose 19 - 54 = -w. What is the remainder when w is divided by b?
17
Let c(h) = -8*h - 2. Let d be c(-5). Let g = d - 18. What is the remainder when g is divided by 7?
6
Let w(u) = u**2 - 6*u - 9. Let m be w(7). Let i(x) = -16*x - 5. What is the remainder when 51 is divided by i(m)?
24
Let z(t) = t**2 - t. Let x(p) = 6*p. Let a be x(1). Let w be z(a). Suppose w + 80 = 5*n. Calculate the remainder when n is divided by 8.
6
Let a(q) = -q + 3. Let w be a(2). Let p = 5 - w. Suppose -2*r - 2*v + 10 = r, p*r - 13 = -3*v. What is the remainder when r is divided by 3?
1
Let h(i) = 12*i - 63. What is the remainder when 61 is divided by h(7)?
19
Let h(c) = c**3 + 6*c**2 + 4*c - 3. Suppose 2*l = -l - p - 4, 4*p = 4*l - 16. What is the remainder when (1 - l) + (21 - -2) is divided by h(-4)?
11
Suppose 3*h = -h + 20. What is the remainder when 36/5*(-55)/(-22) is divided by h?
3
Suppose 99*r - 96*r - 93 = 0. Calculate the remainder when r is divided by 8.
7
Let o 